4*m. Calculate the remainder when 57 is divided by h.
1
Let d(t) = 3*t**2 - 21*t - 9. Suppose -j = j - 2*l - 28, l + 5 = 0. Calculate the remainder when d(j) is divided by 16.
13
Suppose -2*s - 24 = -0*s. What is the remainder when 59 is divided by 22*s/16*8/(-6)?
15
Let v be 99/165 + (-1122)/(-5). Calculate the remainder when (1*26)/(0 - -2) is divided by (v/6)/5*18/15.
4
Let f(v) = -v**3 + 12*v**2 - 8*v - 27. Calculate the remainder when 107/3 - 6/9 is divided by f(11).
5
Calculate the remainder when 123 is divided by 2*4/(-48) - (-3038)/84.
15
Suppose b - 9*o = -12*o + 13, -31 = -2*b - o. What is the remainder when 88 is divided by b?
8
Let h(z) = 2*z**2 - 25*z - 6. Let d(q) = 3*q - 13. Let x be d(9). What is the remainder when h(x) is divided by 13?
10
What is the remainder when 84 is divided by (240/36)/((-30)/(-36))?
4
Suppose 0 = 2*r - 3*o - 64, -2*o = -r - 109 + 142. Let g(y) = 21*y**2 + y - 1. What is the remainder when g(2) is divided by r?
27
Let x = -358 + 393. Calculate the remainder when 278 is divided by x.
33
What is the remainder when 138 is divided by 1*(-1356)/(-32) - 30/80?
12
Suppose -4*p - 57 = -5*k + 10, k = 3*p + 9. What is the remainder when (-8)/6*5841/(-66) - 0 is divided by k?
13
Let d(c) = c**2 - 45*c + 64. What is the remainder when 335 is divided by d(44)?
15
Suppose -3*c = c - 244. Let j(b) = 2*b**3 - 6*b**2 + 7*b + 2. What is the remainder when c is divided by j(2)?
5
Let r be ((-3)/2)/(-3)*8. Suppose 12 = -r*b + 48. What is the remainder when 15 is divided by b?
6
Let t = -803 + 806. Suppose 2 = 5*c - 53. Calculate the remainder when c is divided by t.
2
What is the remainder when 198 is divided by 3*((-6)/18)/(3/(-141))?
10
Suppose 27*y - 28*y = 1. Calculate the remainder when (-2)/(-4)*0 + 74 is divided by ((-4)/(-12)*-3)/(y/19).
17
Suppose -9*b + 523 = 4*y - 10*b, -b - 392 = -3*y. What is the remainder when y is divided by 17?
12
Suppose -23*s = 2*s - 1550. Calculate the remainder when 370 is divided by s.
60
Let u(r) be the third derivative of -r**4/24 + 17*r**3/6 - 6*r**2. Let q be u(14). Suppose -q*p - 30 + 111 = 0. What is the remainder when 105 is divided by p?
24
Suppose 0 = 7*d - 6*d - 41. Calculate the remainder when 408 is divided by d.
39
Let n = 20 + -25. Let w(m) = -m**3 - 5*m**2 + 4*m - 4. Let b be w(n). Let t = b - -36. What is the remainder when 46 is divided by t?
10
Let m = -77 - -111. Let x = 63 - 40. Let t = x + -11. Calculate the remainder when m is divided by t.
10
Let i be ((-3)/2)/((-24)/(-32)). Let u = -36 + 42. Calculate the remainder when (i/u)/(11/(-957)) is divided by 16.
13
Let t = 444 - 356. What is the remainder when 98 is divided by t?
10
Suppose 0 = 602*m - 588*m - 994. What is the remainder when 165 is divided by m?
23
Let y = 807 - 790. Calculate the remainder when 232 is divided by y.
11
Suppose -5*v - 3*h = -h - 58, 5*h = 5*v - 30. Calculate the remainder when 78 is divided by v.
8
Suppose -13 = -4*w + 7. Suppose 2*u = w*u. Suppose 0 = -3*v + h + 6, 18 = v - u*v + 5*h. Calculate the remainder when 4 is divided by v.
1
Suppose 2*a + d - 17 = 0, -a - 4*d + 28 = 2. Suppose -3*g + 6 = 0, -m + 5*g = -0*g + 9. Calculate the remainder when a is divided by (m - -5)/((-27)/(-18)).
2
Suppose -n - 120 = -4*n. Let h = n + -14. What is the remainder when h is divided by (-15)/(-3)*(-7)/(28/(-8))?
6
Let q(h) = -h**3 + 5*h**2 - 6*h + 13. Let o be q(4). Suppose 0 = -3*z + 4*g + 59, -110 = -o*z + 4*g - 17. What is the remainder when 36 is divided by z?
2
Let g = -62 - -88. Suppose i + 3 = 3*x - 617, 0 = 2*x - 5*i - 422. Suppose x = 2*h - 5*q, -161 = -2*h + 2*q + 45. What is the remainder when h is divided by g?
25
Calculate the remainder when 171 is divided by 2*(-1 + ((-105)/(-10) - -3)).
21
Let w(m) be the first derivative of 7*m**2/2 - 5*m - 12. What is the remainder when 29 is divided by w(3)?
13
Let g(l) = l + 11. Let h be g(-6). Suppose 24 = r + 4*q - q, q = -h. Suppose -4*u + r + 65 = 0. Calculate the remainder when 103 is divided by u.
25
Let q(a) = -a**2 - 7*a + 10. Let y be q(-7). Suppose 3*d - d - y = 0. Suppose 92 + 48 = d*h. Calculate the remainder when 55 is divided by h.
27
Suppose 8*o - 4*o = 4*k + 56, 0 = 5*k - o + 54. Let d = k + 18. What is the remainder when d is divided by 4?
0
Calculate the remainder when 161 is divided by 13*-5*(195/25 - 8).
5
Let g = 26 - 27. Calculate the remainder when (40/(-15))/((-140)/138 - g) is divided by 11.
8
Let t = 1905 - 1866. Let q = 30 + -20. Calculate the remainder when t is divided by q.
9
Suppose 33 = 5*f - 22. Let y(b) = b + 11. Calculate the remainder when 65 is divided by y(f).
21
Let v be 9*(8/12)/2. Let x = -5 + 5. Suppose -v*s + 2*s + 13 = x. What is the remainder when 24 is divided by s?
11
Let n(o) = -o**2 - 21. Let z = -12 + 3. Let v be n(z). What is the remainder when (v/(-4))/(5/20) is divided by 21?
18
Let x = -1 - -3. Let a(d) = 2*d - 8. What is the remainder when 27/(x + 1) - -2 is divided by a(6)?
3
Let g = -4 + 13. Let r = 34 - 34. Suppose r = 2*t - c - 7, -2*c + 1 = -t - 0*c. What is the remainder when g is divided by t?
4
Let b(a) = -13*a - 89. What is the remainder when (-358)/(-1 + -1 + 0) is divided by b(-8)?
14
Suppose -20 = z - 16. What is the remainder when 4 is divided by (-3 + z)*6/(-21)?
0
Let n be (-8)/(-36) - (-16)/9. Suppose m + 168 = -5*a + 3*m, 0 = -n*m - 2. Let j = a - -44. Calculate the remainder when 16 is divided by j.
6
Let m(h) be the third derivative of -h**5/60 - 3*h**4/8 + 11*h**3/6 - 15*h**2. Calculate the remainder when 85 is divided by m(-9).
8
Let s(l) = -4*l**3 - 4*l**2 - 8*l - 9. Let v be s(-3). Suppose -v = -2*p - p. What is the remainder when 115 is divided by p?
28
Let b(s) = s + 1. Let m(d) = -d + 20. Let z(x) = 5*b(x) + m(x). Calculate the remainder when z(18) is divided by 33.
31
Let g = 46 + -44. Suppose 4*n - 243 + 73 = -v, -2*n = -g*v - 80. Suppose 14 + 8 = 2*k. What is the remainder when n is divided by k?
9
Suppose 3*k + 27 = -3*z, -2*z + 17 = k - 6*k. Let a be -25 + (9/(-3) - z). Let y = a + 26. What is the remainder when 4 is divided by y?
0
Suppose 0*k + 3*d = 2*k, -4*k + d + 10 = 0. Suppose -s + 5 = -0*s, k*s - 177 = -2*y. Calculate the remainder when y is divided by 21.
18
Let r = 304 - 261. What is the remainder when r is divided by 1*(-11)/(0 - 1)?
10
Let b = -1394 - -1520. What is the remainder when b is divided by 9?
0
Suppose -15 = -3*v - 5*x, 0 = x - 1 + 4. Let k = v + -1. Suppose 50 = 4*f - 2*f. What is the remainder when f is divided by k?
7
Suppose 0 = -8*h + 4*h + 120. What is the remainder when 89 is divided by h?
29
Let j = 5 + -5. Suppose 0 = 4*g - 5*d - 28, d = -g - j*d - 2. Suppose -g*b - 3*b + 30 = 0. What is the remainder when 22 is divided by b?
4
Let k = 1111 - 1102. Calculate the remainder when 402 is divided by k.
6
Suppose -5*r + 7 = 2, -5*v - 3*r = -13. Suppose v*p - 4*p = 1276. What is the remainder when p/33*6/(-4) is divided by 16?
13
Suppose -3 = 3*z, -3*i + 56 + 9 = z. Let v be 84/(-6)*((-3)/6 - -1). Let u = i + v. Calculate the remainder when u is divided by 6.
3
Suppose o = -4*o - 460. Let w = o + 38. Calculate the remainder when (-3468)/w + 4/(-18) is divided by 17.
13
Let w = 357 + -177. Calculate the remainder when w is divided by 46.
42
Suppose 8*c + 226 - 642 = 0. Calculate the remainder when c is divided by 14.
10
Let i = 45 - 18. Suppose -60 = -5*x + 5*c, -4*x + 2*c + 69 - i = 0. What is the remainder when x is divided by 4?
1
Suppose 16*j + 28 - 204 = 0. What is the remainder when 65 is divided by j?
10
Let v(l) = 29*l - 48. Calculate the remainder when 469 is divided by v(4).
61
Suppose -3 = 379*j - 380*j. Suppose 8 = -z + 2*z. What is the remainder when z is divided by j?
2
Let n = 450 + -83. What is the remainder when n is divided by 10?
7
Suppose 3*a - 5*g = 90, -4*a + 4*g + 107 + 5 = 0. What is the remainder when 396 is divided by a?
21
Let p(w) = -w + 48. What is the remainder when 60 is divided by p(-8)?
4
Let y = 263 - 148. Let g be 120/55 + 4/(-22). Suppose g*x - 23 = 55. Calculate the remainder when y is divided by x.
37
Let t be (-4*(-1)/4)/1. Calculate the remainder when (-29 + 7)/(t*-1) is divided by 6.
4
Suppose 6*k = k + 130. What is the remainder when k is divided by 47/3 - 155/93?
12
Let r be ((-9)/15 + 1)/((-